 is the highest common factor of 74704 and 12673?
667
What is the greatest common factor of 570741 and 31?
31
What is the highest common divisor of 756 and 13972?
28
What is the highest common divisor of 22 and 910778?
22
What is the greatest common divisor of 205842 and 91?
91
What is the highest common divisor of 323 and 4769?
19
What is the greatest common factor of 103726 and 23436?
434
Calculate the greatest common divisor of 1956 and 732522.
978
Calculate the greatest common factor of 52174 and 38.
38
Calculate the greatest common divisor of 1121 and 5723.
59
What is the highest common factor of 670 and 368366?
134
Calculate the highest common divisor of 735 and 297087.
147
Calculate the greatest common factor of 113 and 259561.
113
Calculate the greatest common divisor of 3822 and 296478.
546
What is the greatest common factor of 544 and 1712?
16
What is the highest common factor of 960 and 29940?
60
What is the greatest common factor of 34 and 10?
2
Calculate the highest common factor of 182 and 1316.
14
What is the greatest common factor of 1166 and 396?
22
What is the greatest common factor of 32362 and 99?
11
Calculate the highest common factor of 49 and 2160998.
49
Calculate the greatest common factor of 555 and 139305.
555
Calculate the highest common factor of 74 and 41.
1
What is the highest common divisor of 2 and 5386?
2
What is the greatest common divisor of 3300 and 24450?
150
Calculate the greatest common factor of 602 and 10988908.
602
Calculate the greatest common divisor of 40 and 31300.
20
What is the greatest common divisor of 36261 and 79?
79
Calculate the highest common divisor of 239192 and 2320.
232
Calculate the highest common factor of 3366 and 5814.
306
Calculate the greatest common divisor of 30 and 720702.
6
Calculate the greatest common divisor of 30 and 302070.
30
Calculate the highest common factor of 452151 and 24.
3
Calculate the greatest common divisor of 22 and 623997.
11
Calculate the highest common factor of 745 and 485.
5
Calculate the highest common factor of 25920 and 8000.
320
What is the greatest common divisor of 161 and 38755?
23
What is the highest common divisor of 692289 and 13?
13
What is the highest common divisor of 1758 and 58?
2
What is the greatest common factor of 63 and 6874?
7
Calculate the greatest common factor of 21 and 294693.
21
What is the greatest common divisor of 728 and 11102?
182
What is the greatest common divisor of 406 and 182?
14
What is the highest common divisor of 22043 and 423?
47
What is the greatest common factor of 92335 and 3953?
59
Calculate the highest common factor of 2516 and 273356.
148
Calculate the highest common divisor of 1422 and 846327.
237
Calculate the greatest common divisor of 1889216 and 40.
8
What is the greatest common divisor of 70 and 1365420?
70
Calculate the highest common divisor of 334092 and 99.
33
What is the highest common factor of 81378 and 189?
27
Calculate the greatest common divisor of 507899 and 1855.
371
What is the highest common factor of 58 and 100978?
58
What is the highest common divisor of 379302 and 143?
11
What is the greatest common divisor of 80432 and 1371?
457
Calculate the greatest common divisor of 81 and 44235.
9
Calculate the highest common divisor of 3675 and 1900.
25
Calculate the greatest common divisor of 110852 and 7.
7
What is the highest common divisor of 340 and 9146?
34
What is the highest common factor of 17760 and 1824?
96
Calculate the greatest common factor of 70672 and 28.
28
What is the highest common factor of 796636 and 4?
4
Calculate the highest common factor of 2862 and 17844.
6
What is the highest common factor of 448 and 136?
8
What is the greatest common divisor of 36487 and 473?
11
Calculate the greatest common factor of 1075 and 778730.
215
What is the greatest common factor of 222 and 24272?
74
What is the highest common divisor of 130 and 76010?
10
What is the greatest common factor of 9520 and 205156?
476
What is the highest common divisor of 532 and 9464?
28
Calculate the greatest common divisor of 1235 and 5035.
95
What is the greatest common factor of 111 and 1455?
3
Calculate the greatest common divisor of 446 and 331601.
223
Calculate the highest common divisor of 343 and 34643.
343
Calculate the greatest common divisor of 10981 and 316.
79
What is the highest common factor of 309 and 22002?
3
What is the greatest common divisor of 79 and 16?
1
Calculate the greatest common divisor of 323408 and 69003.
697
What is the greatest common divisor of 389558 and 26?
26
What is the highest common divisor of 13941 and 9?
9
What is the highest common divisor of 1129278 and 642?
642
What is the greatest common factor of 43125 and 825?
75
Calculate the greatest common divisor of 59 and 15989.
59
Calculate the greatest common factor of 9963 and 729.
243
Calculate the greatest common divisor of 1220 and 1628.
4
Calculate the greatest common factor of 3604 and 1908.
212
Calculate the greatest common factor of 14 and 15237586.
14
What is the highest common factor of 4300 and 260?
20
Calculate the highest common divisor of 4440 and 14340.
60
What is the greatest common divisor of 170638 and 143?
13
Calculate the greatest common factor of 1350 and 3645.
135
Calculate the highest common factor of 42188 and 350240.
796
What is the highest common factor of 680 and 70992?
136
What is the greatest common factor of 153 and 8585?
17
Calculate the highest common factor of 100344 and 1480.
296
Calculate the highest common factor of 26544 and 14574.
42
Calculate the highest common factor of 10 and 489490.
10
What is the highest common factor of 58 and 459882?
58
What is the greatest common divisor of 741651 and 346?
173
Calculate the highest common divisor of 1125 and 132.
3
What is the highest common factor of 10660 and 195?
65
What is the highest common divisor of 4717 and 51251?
53
Calculate the highest common factor of 390 and 154661.
13
What is the highest common divisor of 364 and 3588?
52
Calculate the highest common divisor of 40916 and 2756.
212
Calculate the highest common divisor of 54 and 9430398.
54
Calculate the highest common factor of 144 and 40617.
9
What is the highest common divisor of 24 and 1496?
8
What is the greatest common factor of 489 and 9943?
163
Calculate the greatest common factor of 1177 and 24289.
107
Calculate the greatest common factor of 178197 and 33.
3
What is the greatest common divisor of 3173 and 323?
19
What is the highest common factor of 192809 and 1717?
101
Calculate the greatest common factor of 9160 and 5954.
458
Calculate the greatest common factor of 10573 and 6431.
109
Calculate the highest common factor of 66 and 607794.
66
Calculate the greatest common factor of 33 and 405229.
11
What is the greatest common divisor of 354 and 224908?
118
What is the greatest common factor of 6 and 5158?
2
Calculate the highest common factor of 8622 and 126.
18
What is the highest common factor of 2780824 and 496?
248
What is the greatest common factor of 1558430 and 10?
10
What is the greatest common factor of 474424 and 248?
248
Calculate the highest common divisor of 59496 and 21708.
804
What is the greatest common divisor of 165 and 52415?
55
What is the highest common divisor of 173664 and 67?
67
Calculate the highest common factor of 135359 and 854.
427
Calculate the highest common factor of 78 and 16666.
26
What is the highest common factor of 1412586 and 27?
27
Calculate the highest common factor of 187892 and 81654.
878
Calculate the greatest common divisor of 1664 and 1056128.
128
What is the greatest common factor of 70 and 3318805?
35
What is the highest common factor of 256 and 262392?
8
What is the highest common divisor of 48474 and 48?
6
Calculate the highest common factor of 185895 and 85.
85
What is the highest common divisor of 9 and 46818?
9
What is the greatest common divisor of 972 and 16956?
108
What is the greatest common divisor of 11275 and 162800?
275
What is the highest common divisor of 352629 and 171?
9
Calculate the greatest common factor of 6337 and 8.
1
What is the greatest common divisor of 3689 and 8058?
17
What is the highest common divisor of 356778 and 162?
54
Calculate the greatest common factor of 808 and 166852.
404
What is the h